f 149157?
True
Does 317 divide 54524?
True
Is 38 a factor of 1365644?
True
Does 159 divide 10932045?
True
Is 4800795 a multiple of 15?
True
Is 7808068 a multiple of 68?
False
Is 139 a factor of 913647?
True
Does 10 divide 3830960?
True
Is 72 a factor of 1410048?
True
Is 696460 a multiple of 6?
False
Does 168 divide 150864?
True
Is 1136 a factor of 16263920?
False
Is 9 a factor of 3107601?
True
Does 83 divide 800754?
False
Is 319 a factor of 1485627?
False
Is 7201159 a multiple of 1606?
False
Does 718 divide 1382150?
True
Does 516 divide 6516564?
True
Does 267 divide 33132?
False
Does 22 divide 692978?
True
Is 27 a factor of 523808?
False
Is 4 a factor of 18853?
False
Is 22 a factor of 474545?
False
Does 22 divide 90970?
True
Is 1010021 a multiple of 402?
False
Does 215 divide 274685?
False
Is 20900 even?
True
Is 61 a factor of 354058?
False
Is 4 a factor of 330674?
False
Is 6 a factor of 69618?
True
Does 384 divide 7600767?
False
Is 20 a factor of 19669300?
True
Is 48 a factor of 29040?
True
Is 612199 a multiple of 263?
False
Is 4105344 a multiple of 48?
True
Does 24 divide 2896296?
True
Is 282 a factor of 1018610?
False
Does 1095 divide 24508228?
False
Is 212906 a multiple of 69?
False
Is 19176 a multiple of 188?
True
Is 22788 a multiple of 211?
True
Is 1475 a factor of 21630875?
True
Does 319 divide 12397297?
True
Is 267 a factor of 50181?
False
Is 31 a factor of 88376?
False
Does 143 divide 4662205?
False
Does 14 divide 3980402?
False
Is 20 a factor of 4360091?
False
Does 116 divide 1634440?
True
Is 290 a factor of 320740?
True
Does 1089 divide 10722294?
True
Is 9778638 a multiple of 51?
True
Is 1823978 a multiple of 26?
True
Is 48 a factor of 6723199?
False
Is 13 a factor of 4157088?
True
Does 138 divide 96430?
False
Is 8733694 a multiple of 122?
False
Does 95 divide 386014?
False
Is 18 a factor of 21338527?
False
Is 6 a factor of 3474523?
False
Does 171 divide 1853811?
True
Is 18585287 a multiple of 19?
True
Does 75 divide 4416600?
True
Does 344 divide 432752?
True
Is 56 a factor of 288960?
True
Is 1518244 a multiple of 388?
True
Is 67 a factor of 47232?
False
Is 242 a factor of 733502?
True
Is 166538 a multiple of 83?
False
Does 89 divide 224814?
True
Is 1314540 a multiple of 218?
True
Is 32 a factor of 50516?
False
Does 53 divide 549928?
True
Is 41 a factor of 499503?
True
Does 159 divide 313474?
False
Is 119548 a multiple of 5?
False
Is 371228 a multiple of 6?
False
Is 365881 a multiple of 13?
False
Is 1335140 a multiple of 10?
True
Is 39982 a multiple of 10?
False
Is 212 a factor of 7173020?
True
Is 6399955 a multiple of 10?
False
Is 58737 a multiple of 24?
False
Is 81495 even?
False
Does 1153 divide 10996678?
False
Is 386947 a multiple of 32?
False
Is 21404 a multiple of 127?
False
Is 811790 a multiple of 15?
False
Is 309 a factor of 69675?
False
Is 436630 a multiple of 10?
True
Is 12272086 a multiple of 37?
True
Is 9253331 a multiple of 206?
False
Is 13 a factor of 18859689?
False
Is 24 a factor of 8585952?
True
Does 14 divide 176882?
False
Does 68 divide 2213808?
True
Does 5 divide 21281?
False
Is 75 a factor of 2000100?
True
Is 56 a factor of 10064299?
False
Is 26011294 a multiple of 15?
False
Does 18 divide 345142?
False
Is 58 a factor of 181464?
False
Is 27 a factor of 1132893?
True
Is 24 a factor of 420528?
True
Does 9 divide 551883?
False
Does 9 divide 11272?
False
Does 23 divide 388907?
True
Is 16 a factor of 941013?
False
Does 56 divide 1291113?
False
Is 396100 a multiple of 10?
True
Is 7027834 a multiple of 473?
True
Does 62 divide 14727480?
True
Is 968 a factor of 6127233?
False
Is 379326 a multiple of 382?
True
Does 18 divide 183258?
True
Is 696 a factor of 1160209?
False
Is 65 a factor of 377656?
False
Is 22 a factor of 131186?
True
Is 51 a factor of 981138?
True
Does 10 divide 17563?
False
Is 283 a factor of 122162?
False
Does 591 divide 594417?
False
Does 153 divide 10976?
False
Is 206 a factor of 198172?
True
Does 22 divide 159616?
False
Is 1272 a factor of 8114455?
False
Is 201318 a multiple of 29?
True
Does 5 divide 89371?
False
Is 1409896 a multiple of 19?
False
Does 30 divide 361860?
True
Is 59 a factor of 6811928?
False
Does 37 divide 398760?
False
Is 10259223 a multiple of 233?
True
Does 6 divide 9953910?
True
Is 4139 a multiple of 11?
False
Is 43445 even?
False
Is 510250 a multiple of 325?
True
Is 159 a factor of 460060?
False
Is 10 a factor of 461856?
False
Is 494 a factor of 365560?
True
Is 821063 a multiple of 98?
False
Does 24 divide 343862?
False
Is 31 a factor of 13411499?
True
Does 40 divide 143413?
False
Is 533502 a multiple of 18?
True
Is 189846 a multiple of 54?
False
Is 115 a factor of 36685?
True
Is 40 a factor of 128200?
True
Is 5443640 a multiple of 244?
True
Is 86 a factor of 1715356?
True
Is 345920 a multiple of 736?
True
Does 5 divide 29885?
True
Is 16 a factor of 3125924?
False
Is 12 a factor of 304977?
False
Is 2629690 a multiple of 46?
False
Is 2508356 a multiple of 288?
False
Does 105 divide 7924469?
False
Is 19 a factor of 864537?
False
Does 34 divide 75004?
True
Does 59 divide 216862?
False
Is 1086919 a multiple of 12?
False
Does 412 divide 1091034?
False
Is 16 a factor of 562736?
True
Is 370880 a multiple of 95?
True
Does 83 divide 515845?
True
Is 325 a factor of 533596?
False
Is 55 a factor of 211074?
False
Is 430008 a multiple of 984?
True
Does 66 divide 1010768?
False
Is 45 a factor of 976873?
False
Is 50184 a multiple of 51?
True
Does 324 divide 266783?
False
Is 108868 a multiple of 20?
False
Is 634 a factor of 11491250?
True
Is 676 a factor of 17945164?
False
Is 44 a factor of 426360?
True
Does 17 divide 1292?
True
Is 16910 a multiple of 445?
True
Is 59 a factor of 5819758?
False
Is 2431159 a multiple of 61?
False
Does 31 divide 613319?
False
Does 57 divide 386789?
False
Is 894454 a multiple of 624?
False
Is 6539636 a multiple of 1594?
False
Does 22 divide 1004190?
True
Is 38 a factor of 1843798?
True
Is 15 a factor of 3494355?
True
Does 14 divide 49028?
True
Is 22 a factor of 5445704?
True
Is 435316 a multiple of 14?
True
Does 110 divide 83050?
True
Does 62 divide 173119?
False
Does 7 divide 596435?
True
Is 1058955 a multiple of 45?
False
Is 4342728 a multiple of 31?
True
Does 5 divide 336616?
False
Is 15 a factor of 8251545?
True
Is 60930 a multiple of 42?
False
Is 946561 a multiple of 5?
False
Is 252001 a multiple of 28?
False
Does 114 divide 1388976?
True
Is 463 a factor of 973218?
False
Is 399 a factor of 2957480?
False
Does 52 divide 98780?
False
Does 6 divide 49195?
False
Is 63 a factor of 755885?
False
Is 10231172 a multiple of 329?
False
Is 523044 a multiple of 334?
True
Does 35 divide 35630?
True
Is 174460 a multiple of 244?
True
Is 74 a factor of 3116390?
False
Is 2277810 a multiple of 39?
False
Is 49440 a multiple of 24?
True
Does 17 divide 150620?
True
Is 51 a factor of 842299?
False
Does 25 divide 153177?
False
Is 179457 a multiple of 123?
True
Is 13 a factor of 323362?
True
Is 30 a factor of 134159?
False
Does 22 divide 8806459?
False
Is 124 a factor of 422592?
True
Is 24 a factor of 167688?
True
Is 26433 a multiple of 5?
False
Is 170 a factor of 443653?
False
Is 516 a factor of 2571135?
False
Is 272 a factor of 1036255?
False
Is 15 a factor of 192465?
True
Is 356 a factor of 3326550?
False
Is 302293 a multiple of 24?
False
Does 310 divide 70060?
True
Is 1940724 a multiple of 188?
True
Is 13 a factor of 921518?
True
Is 16 a factor of 8380105?
False
Is 276863 a multiple of 43?
False
Is 2673545 a multiple of 115?
False
Is 16387 a multiple of 4?
False
Is 394 a factor of 867847?
False
Does 14 divide 3083123?
False
Is 225 a factor of 9363753?
False
Is 71 a factor of 863502?
True
Is 15643273 a multiple of 182?
False
Is 16808963 a multiple of 18?
False
Is 1255 a factor of 5862198?
False
Is 365860 a multiple of 61?
False
Is 7269300 a multiple of 820?
True
Does 225 divide 266625?
True
Is 1303085 a multiple of 7?
True
Does 16 divide 184036?
False
Is 13 a factor of 51703?
False
Is 3708943 a multiple of 366?
False
Is 163 a factor of 6814451?
False
Does 257 divide 148546?
True
Does 86 divide 1368432?
True
Is 28 a factor of 45396?
False
Does 461 divide 6099030?
True
Is 79103 a multiple of 56?
False
Does 194 divide 800832?
True
Is 915858 a multiple of 102?
True
Is 61329 a multi